{"id":2182,"date":"2022-03-30T15:50:53","date_gmt":"2022-03-30T13:50:53","guid":{"rendered":"https:\/\/climatefund.nf-int.org\/wp\/team\/"},"modified":"2023-01-20T11:26:47","modified_gmt":"2023-01-20T10:26:47","slug":"team","status":"publish","type":"page","link":"https:\/\/climatefund.nf-int.org\/fr\/team\/","title":{"rendered":"L&rsquo;\u00e9quipe"},"content":{"rendered":"<div class=\"wpb-content-wrapper\"><p>[vc_section css=\u00a0\u00bb.vc_custom_1648648276389{background-position: center !important;background-repeat: no-repeat !important;background-size: contain !important;}\u00a0\u00bb][vc_row gap=\u00a0\u00bb30&Prime; equal_height=\u00a0\u00bbyes\u00a0\u00bb content_placement=\u00a0\u00bbmiddle\u00a0\u00bb css=\u00a0\u00bb.vc_custom_1656961711670{margin-bottom: 20px !important;}\u00a0\u00bb][vc_column width=\u00a0\u00bb1\/4&Prime;][vc_single_image image=\u00a0\u00bb2928&Prime; img_size=\u00a0\u00bb200&#215;200&Prime; alignment=\u00a0\u00bbright\u00a0\u00bb style=\u00a0\u00bbvc_box_border_circle_2&Prime;][vc_custom_heading text=\u00a0\u00bbElena Teutsch\u00a0\u00bb font_container=\u00a0\u00bbtag:h4|text_align:right\u00a0\u00bb use_theme_fonts=\u00a0\u00bbyes\u00a0\u00bb][\/vc_column][vc_column width=\u00a0\u00bb3\/4&Prime;][vc_column_text css=\u00a0\u00bb.vc_custom_1663936394769{padding-top: 30px !important;}\u00a0\u00bb]&nbsp;<\/p>\n<p><span data-contrast=\"auto\">Elena assure l\u2019encadrement des organes et des organisations membres de l&rsquo;Internationale des Amis de la Nature\u202f; elle est responsable de la promotion du Fonds pour le climat et de la gestion des paiements de dons. Elle est la premi\u00e8re interlocutrice pour les Amis de la Nature et les organisations membres qui s\u2019int\u00e9ressent aux projets du Fonds pour le climat.\u00a0<\/span><span data-ccp-props=\"{&quot;201341983&quot;:0,&quot;335559739&quot;:160,&quot;335559740&quot;:259}\">\u00a0<\/span><\/p>\n<p>&nbsp;[\/vc_column_text][vc_separator border_width=\u00a0\u00bb2&Prime;][\/vc_column][\/vc_row][vc_row gap=\u00a0\u00bb25&Prime; equal_height=\u00a0\u00bbyes\u00a0\u00bb content_placement=\u00a0\u00bbmiddle\u00a0\u00bb css=\u00a0\u00bb.vc_custom_1657299979789{margin-top: 80px !important;margin-bottom: 50px !important;}\u00a0\u00bb][vc_column width=\u00a0\u00bb1\/4&Prime;][vc_single_image image=\u00a0\u00bb1128&Prime; img_size=\u00a0\u00bb200&#215;200&Prime; alignment=\u00a0\u00bbright\u00a0\u00bb style=\u00a0\u00bbvc_box_border_circle_2&Prime;][vc_custom_heading text=\u00a0\u00bbAndrea Lichtenecker\u00a0\u00bb font_container=\u00a0\u00bbtag:h4|text_align:right\u00a0\u00bb use_theme_fonts=\u00a0\u00bbyes\u00a0\u00bb][\/vc_column][vc_column width=\u00a0\u00bb3\/4&Prime;][vc_column_text]&nbsp;<\/p>\n<p>&nbsp;<\/p>\n<p><span data-contrast=\"auto\">Directrice ex\u00e9cutive de l&rsquo;Internationale des Amis de la Nature, Andrea est responsable de la gestion globale des projets du Fonds pour le climat. Elle coordonne le groupe de pilotage international du Fonds pour le climat, qui s\u00e9lectionne les projets <\/span><span data-contrast=\"auto\">\u00e9ligibles <\/span><span data-contrast=\"auto\">sur la base des dossiers de pr\u00e9sentation des projets et d&rsquo;une audition organis\u00e9e en ligne, qui accompagne leur mise en \u0153uvre et v\u00e9rifie l&rsquo;avancement, les d\u00e9comptes et la r\u00e9alisation des objectifs vis\u00e9s par les projets.<\/span><span data-ccp-props=\"{&quot;201341983&quot;:0,&quot;335559739&quot;:160,&quot;335559740&quot;:259}\">\u00a0<\/span><\/p>\n<p><span data-ccp-props=\"{&quot;201341983&quot;:0,&quot;335559739&quot;:160,&quot;335559740&quot;:259}\">\u00a0<\/span><\/p>\n<p><span data-ccp-props=\"{&quot;201341983&quot;:0,&quot;335559739&quot;:160,&quot;335559740&quot;:259}\">\u00a0<\/span>[\/vc_column_text][vc_separator border_width=\u00a0\u00bb2&Prime;][\/vc_column][\/vc_row][vc_row gap=\u00a0\u00bb30&Prime; equal_height=\u00a0\u00bbyes\u00a0\u00bb content_placement=\u00a0\u00bbmiddle\u00a0\u00bb css=\u00a0\u00bb.vc_custom_1656961675470{margin-top: 80px !important;padding-bottom: 50px !important;}\u00a0\u00bb][vc_column width=\u00a0\u00bb1\/4&Prime;][vc_single_image image=\u00a0\u00bb1118&Prime; img_size=\u00a0\u00bb200&#215;200&Prime; alignment=\u00a0\u00bbright\u00a0\u00bb style=\u00a0\u00bbvc_box_border_circle_2&Prime;][vc_custom_heading text=\u00a0\u00bbMamadou Mbodji\u00a0\u00bb font_container=\u00a0\u00bbtag:h4|text_align:right\u00a0\u00bb use_theme_fonts=\u00a0\u00bbyes\u00a0\u00bb][\/vc_column][vc_column width=\u00a0\u00bb3\/4&Prime;][vc_column_text]&nbsp;<\/p>\n<p>&nbsp;<\/p>\n<p><span data-contrast=\"auto\">Mamadou est pr\u00e9sident du R\u00e9seau africain des Amis de la Nature, vice-pr\u00e9sident de l&rsquo;Internationale des Amis de la Nature et coordinateur du groupe de travail des Amis de la Nature sur la justice climatique. Il coordonne les projets du Fonds pour le climat mis en \u0153uvre au S\u00e9n\u00e9gal et partage sa vaste expertise sur la justice climatique et la mise en \u0153uvre de projets de reboisement dans le cadre d&rsquo;innombrables r\u00e9unions des Amis de la Nature aux niveaux local, r\u00e9gional et international.\u00a0<\/span><span data-ccp-props=\"{&quot;201341983&quot;:0,&quot;335559739&quot;:160,&quot;335559740&quot;:259}\">\u00a0<\/span><\/p>\n<p><span data-ccp-props=\"{&quot;201341983&quot;:0,&quot;335559739&quot;:160,&quot;335559740&quot;:259}\">\u00a0<\/span><\/p>\n<p><span data-ccp-props=\"{&quot;201341983&quot;:0,&quot;335559739&quot;:160,&quot;335559740&quot;:259}\">\u00a0<\/span>[\/vc_column_text][vc_separator border_width=\u00a0\u00bb2&Prime;][\/vc_column][\/vc_row][\/vc_section]<\/p>\n<\/div>","protected":false},"excerpt":{"rendered":"<p>[vc_section css=\u00a0\u00bb.vc_custom_1648648276389{background-position: center !important;background-repeat: no-repeat !important;background-size: contain !important;}\u00a0\u00bb][vc_row gap=\u00a0\u00bb30&Prime; equal_height=\u00a0\u00bbyes\u00a0\u00bb content_placement=\u00a0\u00bbmiddle\u00a0\u00bb css=\u00a0\u00bb.vc_custom_1656961711670{margin-bottom: 20px !important;}\u00a0\u00bb][vc_column width=\u00a0\u00bb1\/4&Prime;][vc_single_image image=\u00a0\u00bb2928&Prime; img_size=\u00a0\u00bb200&#215;200&Prime; alignment=\u00a0\u00bbright\u00a0\u00bb style=\u00a0\u00bbvc_box_border_circle_2&Prime;][vc_custom_heading text=\u00a0\u00bbElena Teutsch\u00a0\u00bb font_container=\u00a0\u00bbtag:h4|text_align:right\u00a0\u00bb use_theme_fonts=\u00a0\u00bbyes\u00a0\u00bb][\/vc_column][vc_column width=\u00a0\u00bb3\/4&Prime;][vc_column_text css=\u00a0\u00bb.vc_custom_1663936394769{padding-top: 30px !important;}\u00a0\u00bb]&nbsp; Elena assure l\u2019encadrement des organes et des organisations membres de l&rsquo;Internationale des Amis de la Nature\u202f; elle est responsable de la promotion du Fonds pour le climat et [&hellip;]<\/p>\n","protected":false},"author":1,"featured_media":0,"parent":0,"menu_order":0,"comment_status":"closed","ping_status":"closed","template":"","meta":{"_acf_changed":false,"_seopress_robots_primary_cat":"","_seopress_titles_title":"","_seopress_titles_desc":"","_seopress_robots_index":"","footnotes":""},"class_list":["post-2182","page","type-page","status-publish","hentry"],"blocksy_meta":{"styles_descriptor":{"styles":{"desktop":"","tablet":"","mobile":""},"google_fonts":[],"version":6}},"acf":[],"_links":{"self":[{"href":"https:\/\/climatefund.nf-int.org\/fr\/wp-json\/wp\/v2\/pages\/2182","targetHints":{"allow":["GET"]}}],"collection":[{"href":"https:\/\/climatefund.nf-int.org\/fr\/wp-json\/wp\/v2\/pages"}],"about":[{"href":"https:\/\/climatefund.nf-int.org\/fr\/wp-json\/wp\/v2\/types\/page"}],"author":[{"embeddable":true,"href":"https:\/\/climatefund.nf-int.org\/fr\/wp-json\/wp\/v2\/users\/1"}],"replies":[{"embeddable":true,"href":"https:\/\/climatefund.nf-int.org\/fr\/wp-json\/wp\/v2\/comments?post=2182"}],"version-history":[{"count":13,"href":"https:\/\/climatefund.nf-int.org\/fr\/wp-json\/wp\/v2\/pages\/2182\/revisions"}],"predecessor-version":[{"id":2940,"href":"https:\/\/climatefund.nf-int.org\/fr\/wp-json\/wp\/v2\/pages\/2182\/revisions\/2940"}],"wp:attachment":[{"href":"https:\/\/climatefund.nf-int.org\/fr\/wp-json\/wp\/v2\/media?parent=2182"}],"curies":[{"name":"wp","href":"https:\/\/api.w.org\/{rel}","templated":true}]}}

L&rsquo;équipe

<div class="wpb-content-wrapper"><p>[vc_section css= ».vc_custom_1648648276389{background-position: center !important;background-repeat: no-repeat !important;background-size: contain !important;} »][vc_row gap= »30&Prime; equal_height= »yes » content_placement= »middle » css= ».vc_custom_1656961711670{margin-bottom: 20px !important;} »][vc_column width= »1/4&Prime;][vc_single_image image= »2928&Prime; img_size= »200&#215;200&Prime; alignment= »right » style= »vc_box_border_circle_2&Prime;][vc_custom_heading text= »Elena Teutsch » font_container= »tag:h4|text_align:right » use_theme_fonts= »yes »][/vc_column][vc_column width= »3/4&Prime;][vc_column_text css= ».vc_custom_1663936394769{padding-top: 30px !important;} »]&nbsp;</p>
<p><span data-contrast="auto">Elena assure l’encadrement des organes et des organisations membres de l&rsquo;Internationale des Amis de la Nature ; elle est responsable de la promotion du Fonds pour le climat et de la gestion des paiements de dons. Elle est la première interlocutrice pour les Amis de la Nature et les organisations membres qui s’intéressent aux projets du Fonds pour le climat. </span><span data-ccp-props="{&quot;201341983&quot;:0,&quot;335559739&quot;:160,&quot;335559740&quot;:259}"> </span></p>
<p>&nbsp;[/vc_column_text][vc_separator border_width= »2&Prime;][/vc_column][/vc_row][vc_row gap= »25&Prime; equal_height= »yes » content_placement= »middle » css= ».vc_custom_1657299979789{margin-top: 80px !important;margin-bottom: 50px !important;} »][vc_column width= »1/4&Prime;][vc_single_image image= »1128&Prime; img_size= »200&#215;200&Prime; alignment= »right » style= »vc_box_border_circle_2&Prime;][vc_custom_heading text= »Andrea Lichtenecker » font_container= »tag:h4|text_align:right » use_theme_fonts= »yes »][/vc_column][vc_column width= »3/4&Prime;][vc_column_text]&nbsp;</p>
<p>&nbsp;</p>
<p><span data-contrast="auto">Directrice exécutive de l&rsquo;Internationale des Amis de la Nature, Andrea est responsable de la gestion globale des projets du Fonds pour le climat. Elle coordonne le groupe de pilotage international du Fonds pour le climat, qui sélectionne les projets </span><span data-contrast="auto">éligibles </span><span data-contrast="auto">sur la base des dossiers de présentation des projets et d&rsquo;une audition organisée en ligne, qui accompagne leur mise en œuvre et vérifie l&rsquo;avancement, les décomptes et la réalisation des objectifs visés par les projets.</span><span data-ccp-props="{&quot;201341983&quot;:0,&quot;335559739&quot;:160,&quot;335559740&quot;:259}"> </span></p>
<p><span data-ccp-props="{&quot;201341983&quot;:0,&quot;335559739&quot;:160,&quot;335559740&quot;:259}"> </span></p>
<p><span data-ccp-props="{&quot;201341983&quot;:0,&quot;335559739&quot;:160,&quot;335559740&quot;:259}"> </span>[/vc_column_text][vc_separator border_width= »2&Prime;][/vc_column][/vc_row][vc_row gap= »30&Prime; equal_height= »yes » content_placement= »middle » css= ».vc_custom_1656961675470{margin-top: 80px !important;padding-bottom: 50px !important;} »][vc_column width= »1/4&Prime;][vc_single_image image= »1118&Prime; img_size= »200&#215;200&Prime; alignment= »right » style= »vc_box_border_circle_2&Prime;][vc_custom_heading text= »Mamadou Mbodji » font_container= »tag:h4|text_align:right » use_theme_fonts= »yes »][/vc_column][vc_column width= »3/4&Prime;][vc_column_text]&nbsp;</p>
<p>&nbsp;</p>
<p><span data-contrast="auto">Mamadou est président du Réseau africain des Amis de la Nature, vice-président de l&rsquo;Internationale des Amis de la Nature et coordinateur du groupe de travail des Amis de la Nature sur la justice climatique. Il coordonne les projets du Fonds pour le climat mis en œuvre au Sénégal et partage sa vaste expertise sur la justice climatique et la mise en œuvre de projets de reboisement dans le cadre d&rsquo;innombrables réunions des Amis de la Nature aux niveaux local, régional et international. </span><span data-ccp-props="{&quot;201341983&quot;:0,&quot;335559739&quot;:160,&quot;335559740&quot;:259}"> </span></p>
<p><span data-ccp-props="{&quot;201341983&quot;:0,&quot;335559739&quot;:160,&quot;335559740&quot;:259}"> </span></p>
<p><span data-ccp-props="{&quot;201341983&quot;:0,&quot;335559739&quot;:160,&quot;335559740&quot;:259}"> </span>[/vc_column_text][vc_separator border_width= »2&Prime;][/vc_column][/vc_row][/vc_section]</p>
</div>
